. Suppose -n*j + 42 = 3*w, 0 = -2*w + 4*j + 44 + 14. What is the tens digit of w?
1
Let b(o) = -3*o**3 - 4*o**2 + o - 1. Let z be b(-3). Let q = z - 24. Suppose -4*m = -5*v - 29, -4*v - 5 = -2*m + q. What is the units digit of m?
1
What is the units digit of 2395/10 - (3/1)/(-6)?
0
What is the hundreds digit of ((-123)/4)/((-2)/8)?
1
Let v be 30/12*(6 - 0). Let z = v + 3. What is the units digit of (12/(-2))/(z/(-12))?
4
Suppose -a = -3*a + 4. Suppose 22 - a = y. Let p = y + -12. What is the units digit of p?
8
Suppose 5*y - 222 + 47 = 0. What is the tens digit of y?
3
Suppose 5*a = -24 - 6. Let v(i) = -i**3 - 7*i**2 - 9*i - 2. What is the tens digit of v(a)?
1
Suppose -140 = -49*w + 44*w. What is the units digit of w?
8
Let o = -64 - -109. Let h = o + -8. What is the units digit of h?
7
Let k(f) = -f**3 + 13*f**2 + 17*f - 9. What is the units digit of k(14)?
3
Let b(c) = 16*c**3 + c**2 + 2*c - 4. What is the units digit of b(2)?
2
Let h(b) = b**3 + 4*b**2 - 6*b - 4. Let g be h(-5). Let a be (3*g)/((-12)/(-8)). Suppose 3*n = a*n + 3. What is the units digit of n?
3
Let c be 45/35 + 2/(-7). Let u = c + 1. Suppose 0 = 3*a - u - 1. What is the units digit of a?
1
Let g = 10 + -9. Let q be 1 - g - (-3 - 0). Suppose -4*t + 3*t - q*m - 12 = 0, 2 = -t - m. What is the units digit of t?
3
Suppose 13 = 5*q - 2. Suppose 0 = 3*j - q*d + 9, 2*j - d + 1 = -4*d. What is the units digit of j/(-2*3/27)?
9
Suppose t + 5 + 0 = 0. Let a be (2*t)/((-1)/(-2)). What is the units digit of (-4)/a + (-148)/(-10)?
5
What is the units digit of (-262)/(-14) - (-18)/63?
9
Let v be (-9)/15 - 69/(-15). What is the tens digit of (v - (-10)/(-6))*18?
4
Let y = 18 - 16. What is the units digit of y?
2
Let y(f) = 7*f**2 + 3*f. What is the units digit of y(-2)?
2
Suppose s + 148 = 5*t, -5*t - 4*s = -0*s - 133. Suppose 2*i - t - 63 = -2*c, -2*i = 0. What is the tens digit of c?
4
Suppose -2*n + 2*m - 48 = -3*n, 5*n = -4*m + 210. What is the tens digit of n?
3
Let o = 41 - 25. Let y(r) = -r**3 + 6*r**2 + 6*r - 3. Let p be y(7). What is the units digit of 15/p*o/(-6)?
4
Let i = 5 + 1. Suppose -i*b + b = -25. Suppose b - 7 = -u. What is the units digit of u?
2
Let n(o) = 1 + 6*o**2 - o - 5 + 3. Suppose -r + 0 = -q + 3, 4*r + 2*q = 0. What is the units digit of n(r)?
6
Suppose 4*t - 2*l - 89 = t, 0 = -3*t + 3*l + 84. What is the units digit of t?
3
Suppose -13*h = -5*h - 1784. What is the tens digit of h?
2
Suppose -134 = -2*o - 0. What is the tens digit of o?
6
Let t(u) = -20*u - 1. Let c be t(1). What is the units digit of 14/c - (-32)/3?
0
Let o be (1/(-2))/((-1)/36). What is the units digit of (24/9)/(3/o)?
6
Suppose 3*a = -a + 128. What is the tens digit of a?
3
Suppose -t + 17 = -3*o, -t - 2*t = 3*o + 33. Let x = o - -20. What is the units digit of x?
3
Suppose -3*d + 27 = -w, 3*w - 2*w = -3*d + 21. What is the units digit of d?
8
Suppose 5*v = 2*j - 77, 4*j - j - 113 = 5*v. What is the tens digit of j?
3
Let m(f) = -2*f**2 + 4*f - 3. Let y be m(2). Let q(v) = v**2 - 5*v - 8. Let s be q(7). Let p = y + s. What is the units digit of p?
3
Suppose -5*n + 93 + 122 = 0. Suppose 0 = -4*z - 0*s + s + n, -z - 5*s - 5 = 0. Let m = z + -4. What is the units digit of m?
6
Suppose 1 = y - 44. What is the tens digit of y?
4
Suppose -3*h - 34 = -6*h + d, 0 = 5*h - 5*d - 40. What is the units digit of h?
3
What is the tens digit of (-8)/20 - 208/(-20)?
1
Let g be ((-7)/4)/(2/(-8)). Let r be -1 - -5 - (-2 - -1). Suppose -4*f + g = -5*a, 5*f - r*a = -0*f + 10. What is the units digit of f?
3
Let y(n) = -5*n**3 + n**2 - 3*n + 1. Let w(s) = 5*s**3 - s**2 + 3*s - 1. Let a(g) = -2*w(g) - 3*y(g). What is the tens digit of a(2)?
4
Let i be (0 + 2)*(4 + -2). Let l = 2 + i. What is the units digit of l?
6
Let o(t) = -5*t. Let p be o(-1). Let z = p + 2. What is the units digit of z?
7
Suppose 0*f = -0*f + 6*f. Let i(y) = 3*y - 6. Let q be i(6). Suppose -z - z + q = f. What is the units digit of z?
6
Suppose -40 = -y - 3*y. Let r be ((-2)/3)/((-2)/(-6)). Let c = r + y. What is the units digit of c?
8
Suppose 8*h = 440 + 896. What is the tens digit of h?
6
Suppose 17 = 2*k - h, -3*k + 2*h - 2 = -27. Suppose k + 8 = q. What is the units digit of q?
7
Let n(f) = f**3 + 3*f**2 + 5. Let v be n(-3). Suppose 11 = v*h + c - 68, 3*c = 5*h - 63. What is the units digit of h?
5
Suppose c + 88 = -3*o - 5, -5*c - 75 = 2*o. What is the tens digit of (o/(-25))/((-3)/(-40))?
1
Let c(w) = 0 + 2*w + 1 + 3*w. Suppose -6*f - 2 = -8. What is the units digit of c(f)?
6
Let a = -51 - -108. What is the tens digit of a?
5
Let m be 9/(-6)*(-7 - -1). Let i be 10/(-45) + 29/m. Suppose i*u + 3*p - 8 - 1 = 0, 2*u = 5*p - 8. What is the units digit of u?
1
What is the units digit of 152/20 - (-12)/(-20)?
7
Suppose -2*p = -p - 3. Let h(s) = 6*s + 1. What is the tens digit of h(p)?
1
Suppose -2*s = -3*j + s + 30, -3*j + 2*s = -25. Suppose -2*q - j + 15 = 0. Suppose 2*p + q*y = 59, p - 39 = -p - y. What is the units digit of p?
7
Suppose 4*u = -q + 160, 3*u = -0*u - 3*q + 111. What is the tens digit of u?
4
Let u(n) = 4 + n**3 - 3*n**2 + 5*n - n - n + 0*n. What is the units digit of u(3)?
3
What is the units digit of (1/(-1))/((-2)/8)?
4
Suppose -2*t + 11 = -m, 0*t = t - 4*m - 2. Let x be t + (2/(-1))/(-2). What is the units digit of (-4)/(-14) + 68/x?
0
Suppose -5*i = t + 2*t - 384, t = 2*i + 128. Suppose -4*h + 3*c + 129 = 0, 0*h + 4*c + t = 4*h. What is the tens digit of h?
3
Let m(g) = -g + 5. Suppose d = 3*d. What is the units digit of m(d)?
5
Let b(g) = -3*g - 1. Let i = -2 - -4. Suppose i*n - 2 = 4*v, -3*v - 3 = -n - 0. What is the units digit of b(v)?
5
Let x = 13 + -8. Let f = x - 2. What is the units digit of f?
3
Suppose -237 + 67 = -5*p - 3*d, d = 5. What is the tens digit of p?
3
Suppose -2*n + n = -3. Suppose -2*h + c + 27 = 0, 3*h = 2*c + n*c + 37. What is the units digit of h?
4
Suppose -x + 18 = -3. What is the tens digit of x?
2
Suppose 0 = -y + 2*i + 16, -y - 2*y + 5*i = -45. Let a = -8 + y. Suppose 2*b + 2*b + 3*w = 58, 0 = a*b - w - 34. What is the units digit of b?
6
Suppose 0 = 5*m + 5 - 15. Suppose -m*w + 2 = -0. What is the units digit of (3 - (2 - 0))*w?
1
Suppose 3*w = 5*g + 24, g = 2*w + 3*g. Suppose 2*a - 63 = -w*f, 5*f - 57 = 2*a - 4*a. What is the tens digit of a?
3
What is the units digit of (-2)/(-10) - 149/(-5)?
0
Let a(o) = -11*o**2 + 3*o - 23. Let z(c) = -7*c**2 + 2*c - 15. Let d(b) = -5*a(b) + 8*z(b). Let j be d(0). What is the units digit of (3 + 2)*(-4)/j?
4
Let u(z) = z**3 - 20*z**2 - 13*z - 34. What is the tens digit of u(21)?
3
Let a(q) = 7*q**3 - q**2 + 3*q - 1. Let m be a(2). Suppose -8 - m = -5*h. Suppose -12 = -5*p + h. What is the units digit of p?
5
Let o be -1*(-1 + 3 + -2). Suppose r - 3*v + 11 = o, 0 = 2*r + 3*v - 3 - 20. What is the units digit of r?
4
Let v(d) = 3*d**2 - 3*d - 3. Suppose -2*m = 1 - 9. What is the units digit of v(m)?
3
Let w = -10 + 6. Let m(t) = -6*t + 5. What is the units digit of m(w)?
9
Suppose -2*l = l. Suppose u = -l*u + 2. What is the units digit of u?
2
Let l = 2 - -31. What is the units digit of l?
3
Let s = -1 - -4. Let o be (-51)/(-12) - (-2)/(-8). Suppose o*u + s = 19. What is the units digit of u?
4
Suppose 3*b - 31 = 38. What is the tens digit of b?
2
Let k(c) = 29*c**2. Suppose 5*v = 2*v - 3. What is the units digit of k(v)?
9
Suppose 3*o - 72 = -4*x, 3*o + 40 = 5*x + 139. What is the units digit of o?
8
Let l = -19 + 53. Let r = l - 23. Suppose w + 3*g = 15, 5*w - r = 4*w - 2*g. What is the units digit of w?
3
Let y(k) = -k**3 + 10*k**2 - 11*k + 8. Let l be y(8). Let t = l + -23. What is the units digit of t?
5
Let f be (-13)/(-5) + 6/15. Suppose -f*n + 0*n + 164 = -u, -5*n + 4*u = -285. What is the tens digit of n?
5
Suppose -3 = -p, -5*i - 5*p + 55 = -100. Suppose -a + i = 3*a. What is the units digit of a?
7
Let c(n) = n - 3. Let q be c(5). Suppose 2*r + r + z - 7 = 0, 3*r + 2*z - q = 0. What is the units digit of r?
4
Let d = 1 - -2. Suppose -d*h + 9 = -3. What is the units digit of h?
4
Let c(b) be the third derivative of b**4/4 + 5*b**3/3 + 2*b**2. Let f be c(-9). What is the units digit of f/(-7) + 2/(-7)?
6
Let l be (39/(-6))/((-5)/(-10)). Let r(h) = -9*h**2 - h + 1. Let c be r(1). Let n = c - l. What is the units digit of n?
4
Suppose -t +